. Suppose m = 19*o - 11*o. Calculate the greatest common factor of 432 and o.
27
Suppose -2*d = a - 105, -3*a + 2*a + 54 = d. Let y(z) = -224*z**2 + 22*z - 21. Let p be y(1). Let v = -189 - p. Calculate the highest common factor of d and v.
17
Suppose 0 = -0*o + 3*o - 21. Let u = 47 - o. Suppose 0 = 67*c + 52*c - 595. Calculate the highest common factor of c and u.
5
Let p = -13 - -3. Let i be (-1 - p)/(3/9). Suppose 0 = 29*b - i*b - 48. What is the highest common divisor of 48 and b?
24
Suppose 0 = 3*g + q - 16, 8 = 3*g - 5*q - 2. Suppose 2*j - 87 = p, g*p = -3*j + 54 + 96. Suppose -2*f = f - 15. Calculate the greatest common factor of j and f.
5
Let c(r) = -105*r - 732. Let t be c(-7). Suppose -4*q + 184 = 4*n, n = -q - 2*q + 36. Calculate the highest common divisor of n and t.
3
Let a = 15 - 37. Let k = a + -49. Let p = -61 - k. What is the greatest common factor of 80 and p?
10
Let p(w) = -9*w + 3. Let m be p(2). Let n be (22/(-33))/(2/m). Suppose 0 = -n*g + 11 - 1. What is the greatest common divisor of g and 1?
1
Let o be (-5 - 59)/(34/(-51)). Suppose -3*s = s - 1408. What is the greatest common divisor of o and s?
32
Let j = 22173 - 14868. What is the greatest common factor of j and 60?
15
Let u(i) = 6*i - 40. Let x be u(9). Suppose -h + 11 + x = 0. What is the greatest common factor of 5 and h?
5
Let p = -55 - -64. Let j = p + -8. Let q be (-9324)/(-45) + j/(-5). Calculate the highest common divisor of 23 and q.
23
Let w(t) = -7*t + 33. Let a be w(-6). Suppose 5*p - a = 15. What is the greatest common divisor of p and 6?
6
Suppose 2*x + 198 - 209 = z, 3*x - 4*z - 19 = 0. What is the greatest common factor of x and 3915?
5
Suppose 0 = 5*a + 5*j + 3600, a - 3*a + 5*j - 1426 = 0. Let m = a + 848. Calculate the highest common factor of m and 325.
65
Suppose -6389 - 7196 = -378*r - 2245. Calculate the highest common factor of r and 3390.
30
Let o(d) = 2*d**3 - 10*d**2 + 8*d - 8. Let x be o(6). Suppose 151*k = 224*k - 140*k + 518 - 49. Calculate the highest common factor of k and x.
7
Suppose -7286*g = -7331*g + 135. Let u = 5 - 2. Calculate the highest common factor of g and u.
3
Suppose -58*p + 54*p + 236 = -4*a, a + 251 = 4*p. Calculate the highest common factor of p and 248.
8
Suppose 2*y + 1 - 10 = -3*u, 2 = y - u. Let f be ((-5)/(-10))/(y/6) - -53. What is the highest common divisor of f and 99?
9
Suppose -15*g - g + 4508 = -2932. What is the greatest common factor of 62 and g?
31
Let b = 14 + -6. Let w = 1832 - 1696. What is the highest common divisor of b and w?
8
Let u = -10432 + 10519. Calculate the greatest common divisor of 150 and u.
3
Let d be -1*(2 + -2) + 450. Let w = -3490 + 3499. Suppose w*p = -p + d. What is the highest common divisor of p and 60?
15
Let y(g) = 767*g**2. Let m be y(-1). Suppose -5*t + m = -43. Suppose 1629*n - 1627*n = p + 8, 3*p - 3*n - 15 = 0. What is the highest common divisor of p and t?
18
Suppose -3*w - 4*x = 18, 5*w + 3*x - 5*x = -30. Let z be (-970)/(-5) + w*1. Calculate the greatest common factor of 47 and z.
47
Suppose -578 + 167 = -25*j + 789. Calculate the greatest common divisor of 2568 and j.
24
Let s(h) = 2*h**3 - 49*h**2 + 126*h + 43. Let m be s(22). Calculate the highest common factor of m and 35.
5
Let y = 1126 - 918. Suppose -2*u = -3*u + 4. Suppose 4*g - 7*k - 77 = -2*k, -u*k - 33 = -g. What is the greatest common divisor of y and g?
13
Suppose 118 + 92 = 14*u. Let y(d) = -1. Let r(i) = 3*i - 2. Let v(b) = 3*r(b) + 6*y(b). Let x be v(13). Calculate the greatest common factor of u and x.
15
Suppose 14*d - 5*d + 27 = 0. Let x be 6 + -98*d/3. What is the greatest common divisor of x and 156?
52
Let s = -13 - -41. Let n = s - -4. Let b(q) = q**2 - 3*q - 6. Let o be b(5). Calculate the highest common factor of o and n.
4
Let g(f) = 287*f**3 + f**2 + f - 1. Let m be g(1). Suppose -292*y + 336 = -m*y. Calculate the greatest common factor of 72 and y.
12
Let y(n) = 15*n + 17*n - 44 - 38*n + 11*n. Let p be y(14). Calculate the highest common factor of 39 and p.
13
Suppose 0 = -2003*i + 2021*i - 486. What is the greatest common factor of i and 1629?
9
Let l(m) = -5*m**2 - 16*m - 15. Let n be l(-1). Let s(a) = 6*a**2 + 11*a + 11. Let b be s(n). What is the greatest common divisor of b and 27?
9
Let f(j) = 38*j**2 - 240*j + 2. Let c be f(25). What is the greatest common divisor of c and 24?
8
Let o be 4/(-16)*6*((-400)/(-3))/(-4). What is the highest common divisor of o and 310?
10
Let r(n) = 102*n + 16674. Let j be r(-163). What is the greatest common divisor of 7272 and j?
24
Suppose 970 = 69*b - 4550. What is the highest common factor of b and 3136?
16
Let s = -33 + 33. Let x be (s + 7)/(13/52). Let q = 13 + 29. What is the highest common divisor of x and q?
14
Let b be 2/(-4)*-15*476/(-35). Let f be (1768/b)/(2/(-6)). What is the highest common factor of f and 26?
26
Let z(j) = j**3 + 23*j**2 - 142*j + 245. Let v be z(-28). Let k be -86*-1*(-3)/(-6). Calculate the highest common divisor of k and v.
43
Let l(f) = 2*f + 41. Let y be l(-20). Let j be 3 - (-2 + 2)*y. Suppose -5*w = -j*d + 97, w = -3*d + 2*w + 113. Calculate the highest common factor of 13 and d.
13
Let s = 29 + -12. Let x(o) = 2*o**2 - 36*o + 3. Let r be x(18). Suppose 3*a - 552 = 3*i, 4*a + r*i - 944 = -a. Calculate the highest common divisor of s and a.
17
Let w be 152012/11748 + (-4)/(-66). Calculate the greatest common factor of w and 16939.
13
Let r = -17 + 42. Let a be 8/5 + -1 - 15/r. Let o be (21 + a)*2/3. What is the greatest common divisor of o and 84?
14
Let o be (-340)/6*(-23)/((-552)/(-2844)). Calculate the greatest common divisor of 85 and o.
85
Let j be 104 - 4/6*18/12. Suppose -20 - j = -3*r. Calculate the highest common divisor of 533 and r.
41
Let k be (1 + -2 + 11)*1. Suppose 2*x - o + 16 = 0, 22*o + 48 = -4*x + 20*o. Let b be -10*(-2)/(-14)*(x + 3). What is the highest common divisor of b and k?
10
Suppose 15*d - 8221 - 4154 = 0. Suppose -d = -77*r + 72*r. What is the highest common divisor of 15 and r?
15
Suppose 7495 + 7964 = 65*p - 1506. What is the greatest common divisor of 297 and p?
9
Let b = 345 + -339. Suppose -b*n = 32*n - 798. Calculate the highest common divisor of 140 and n.
7
Let o = 11721 + -8216. What is the greatest common divisor of 5 and o?
5
Let g be ((-658)/(-35))/(1/(-25)). Let s = -430 - g. Let i be 1/(-3) + (-48)/(-9). Calculate the highest common divisor of s and i.
5
Suppose 5*i - 5*s - 80 = 0, 0 = i - 3*i - 5*s + 53. Suppose -6*x + 61 = i. Suppose -x*d + 1040 = -2*d. Calculate the highest common factor of 26 and d.
26
Suppose -27*a + 29*a + 4*b = 172, -8*b = 3*a - 264. Calculate the highest common divisor of 164 and a.
4
Suppose 5*x - i + 897 - 4039 = 0, 0 = 3*i + 6. Suppose -25*b + 5*l = -21*b - 625, 4*b - 4*l = x. Calculate the greatest common divisor of 32 and b.
32
Let u(v) = -30*v**2 - 12*v - 23. Let l be u(-2). Let s = l + 136. What is the highest common divisor of s and 544?
17
Let i(r) = 34*r + 134. Let l be i(-3). What is the highest common divisor of 6496 and l?
32
Let c be (21/(-6)*1)/(2/4). Let z(w) = -22*w + 56. Let r be z(c). Calculate the greatest common divisor of r and 30.
30
Let j = 8338 - 8242. Calculate the greatest common factor of 150 and j.
6
Let f(d) = 10*d**2 - 3*d + 13. Let x be f(4). Let s be 6/(-8)*(-24 + 0). Suppose -5 = -h + s. What is the greatest common divisor of h and x?
23
Let k = 12021 + -11973. Calculate the highest common factor of 3828 and k.
12
Suppose 0 = 2*w + 5*q + 11, 0 = -5*q + 60 - 95. Let x(r) = r**3 + 6*r**2 + 4*r + 4. Let g be x(-4). What is the highest common factor of g and w?
4
Let v = -1492 + 2131. Calculate the greatest common factor of 18 and v.
9
Let l be 6/45 + (-5180)/(-525). Let m = -182 - -112. Let u be (-1 - (-6)/l)*m. Calculate the highest common factor of u and 70.
14
Let o be (10/(-4))/(1/(-2)). Let p = -23192 - -23597. What is the greatest common divisor of p and o?
5
Let n = -20 - -77. Let h = 8137 + -8099. What is the greatest common divisor of n and h?
19
Let y(d) = d**2 - 3*d - 4. Let r(j) = 108 + j**2 - 229 - j**3 + 112 + 6*j. Let s be r(3). Let u be y(s). Calculate the greatest common factor of 13 and u.
13
Let t = 70 + -66. Let k be t*1784/12 + (-2)/3. What is the greatest common divisor of k and 66?
66
Let n 